et a be r(6). Let p(x) = a - 2 + 8*x - x**2 - 6. Give p(6).
6
Let h(c) = -7*c - 143. Let i be h(-22). Let x(y) = -y + 12. Determine x(i).
1
Let u(a) be the second derivative of 0 - 1/12*a**4 + 5/6*a**3 - 5*a - 2*a**2. Calculate u(6).
-10
Let n(t) be the third derivative of t**7/840 - t**6/180 - t**5/30 - t**4/8 + 5*t**3/2 + 4*t**2. Let u(o) be the first derivative of n(o). What is u(-2)?
-11
Let n = -359 - -351. Let r(s) = s**3 + 9*s**2 + 5*s - 4. Determine r(n).
20
Suppose 5*u - 19 = -y, 2*y - 3*u + 2 = 1. Suppose 0 = -y*s - 4. Let n(i) = i**2 - i - 1. What is n(s)?
1
Let z(x) = -10*x**3 + 2*x**2 - 1. Suppose 8*d = 30 + 2. Suppose p - 4*p + 16 = d*i, 0 = -3*p + 12. Calculate z(i).
-9
Let o(m) be the first derivative of -10*m**3/3 + 12*m**2 - 13*m + 19. Let q(i) = -3*i**2 + 8*i - 4. Let h(n) = -2*o(n) + 7*q(n). Determine h(6).
10
Suppose t = 3*l - 8, 3*t = -6 - 9. Suppose -4*m + 2*m = -4. Let y(k) = -m*k - 4*k - l - 5 + 5*k. What is y(-9)?
3
Let c(x) = x**2 + 3*x - 5. Let q = -166 - -194. Suppose -128 = 3*k + k. Let l = q + k. What is c(l)?
-1
Let i(t) = -2*t**2 - 20*t - 14. Let a be i(-10). Let s(g) = -g**3 - 15*g**2 - 15*g - 17. Calculate s(a).
-3
Let t = -33 - -29. Let f(a) be the second derivative of -a**3/6 + 5*a**2/2 + 17*a. What is f(t)?
9
Let c(t) = 0*t - t - 1583 + 1589. Calculate c(7).
-1
Let p(d) = -4*d**2 + 48*d + 45. Let z be p(13). Let u(n) = -n**3 - 8*n**2 - 8*n - 9. Calculate u(z).
-2
Let t be (10/2)/(15 + -16). Let d(p) = -p**3 - 5*p**2 + p - 1. Calculate d(t).
-6
Suppose -3*p + 7*p - 16 = 4*a, -2*a - 4*p = 2. Let t(k) = -3*k**3 - 5*k**2 + 3 + 3*k**3 - k - 2*k**3. Calculate t(a).
15
Let r(y) = y**2 - 6*y + 9. Suppose 5*v = -2*o - 13, 5*v - o - 11 = 3*o. Let n(p) = 6*p**2 - 2*p - 2. Let a be n(v). Determine r(a).
9
Let s(p) = p**3 + 12*p**2 + 3*p - 5. Let t(f) = 3*f**3 + 34*f**2 + 8*f - 14. Let a(z) = 2*z - 54. Let l be a(25). Let u(r) = l*t(r) + 11*s(r). What is u(-4)?
-3
Let x(h) = h**3 - 3*h**2 - h + 7. Let d be (1/4)/(14/168). Calculate x(d).
4
Let s be (-1)/(2*1/(-4)). Suppose 5*p = -25, -5*q + s*p = -2*p - 45. Suppose -2*o = q - 3. Let c(z) = 6*z**2 - 1. Give c(o).
5
Let t(k) = -2*k - 3. Let l be (2/(-3))/((-4)/18). Determine t(l).
-9
Let p(b) = b**2 + 9*b + 2. Let o = 232 - 238. Determine p(o).
-16
Let v be (0 + -1)/(1/(-5)). Let d(j) be the second derivative of -1/12*j**4 - 2*j + 1/2*j**2 + 0 + 2/3*j**3. Calculate d(v).
-4
Let p(d) = 51*d - 52*d - 5 + 2. Determine p(-6).
3
Let l(y) be the first derivative of y**3/3 - 5*y**2/2 - 23*y + 77. Determine l(8).
1
Suppose -5*d = v + 28, 0*v + 4*d + 32 = -4*v. Let a(t) be the first derivative of t**4/2 + 4*t**3/3 - t**2/2 - 4*t - 77. Determine a(v).
-19
Let k(h) = 2*h. Let o be k(2). Let x = 1 + o. Let g(j) = 2*j - 7. Let n(v) = 6*v - 21. Let l(r) = -17*g(r) + 6*n(r). Calculate l(x).
3
Let w(t) = -4*t + 1. Suppose -61*d - 9*d = -70. Calculate w(d).
-3
Let g(o) = o**2 + 7*o + 7. Let r be g(-6). Let j be r/5 - (-298)/10. Suppose -d + j = 4*d. Let x(m) = m**3 - 5*m**2 - 4*m - 7. Determine x(d).
5
Let f(d) = d + 1. Let r(w) = -9*w + 1. Let i be -3*(-1)/12 + (-12)/(-16). Let c(k) = i*r(k) + 6*f(k). Give c(-5).
22
Let w(m) be the first derivative of -m**4/12 - 3*m**3/2 - 5*m**2/2 - 18*m + 19. Let z(f) be the first derivative of w(f). What is z(-8)?
3
Let r(v) = 2*v**2 + 10*v - 8. Let g(k) = -k. Let c(y) = -3*g(y) - r(y). Suppose d - 5 = 0, 3 + 2 = -5*u - 5*d. Calculate c(u).
-22
Suppose 0*w - 8 = 2*w + 4*k, 0 = 2*w + 3*k + 3. Let x be (w/(-15))/(5/(-350)). Suppose -7*f = -3*f - x. Let j(m) = -m**2 + 5*m + 8. Give j(f).
-6
Let a(d) = 11 - 15*d**2 - 25*d**2 + 41*d**2. Let y be (-1)/((-1)/(-2) - 1). Suppose y*g = 5*g. Give a(g).
11
Suppose 24*j = -30*j - 216. Let p(o) = o + 11. Determine p(j).
7
Let v(d) = -7*d**3 - 9*d**2 + 10*d - 5. Let a(f) = -8*f**3 - 10*f**2 + 11*f - 6. Let q = -14 - -7. Let p(j) = q*v(j) + 6*a(j). Give p(-4).
-1
Let r(t) be the third derivative of 0*t + 1/12*t**4 + 25*t**2 + 1/120*t**6 - 1/20*t**5 + 0 + 1/3*t**3. Give r(2).
2
Let r = 30 + -24. Suppose r*i - 3*i + 3 = 0. Let a(t) be the first derivative of t**4/4 + t**2/2 + t + 1. Calculate a(i).
-1
Let l(v) be the first derivative of 8 - 6*v - 3*v**2 + 1/4*v**4 - 5/3*v**3. What is l(6)?
-6
Let k(b) = -6. Let j(s) = -3*s + 19. Let q(d) = j(d) + 6*k(d). Determine q(-7).
4
Let s(h) be the third derivative of 0 - 5/12*h**4 + 0*h**3 + 0*h + 11*h**2 + 1/60*h**5 + 1/720*h**6. Let u(t) be the second derivative of s(t). Give u(2).
4
Let w(d) = -11*d + 1. Let i(y) = 7*y + 15. Let l be i(-5). Let v be ((-2)/(-4))/(10/l). Give w(v).
12
Let l(i) be the third derivative of i**5/60 + i**4/6 + i**3 - 46*i**2 + 6*i. Give l(-3).
3
Let m(t) = -t**2 - t. Let y be m(2). Let q(s) = s**2 + 8*s + 6. Let c be q(y). Let l(v) = v**3 + 7*v**2 + 6*v - 1. Give l(c).
-1
Suppose 2*s - 3*k - 19 = 0, 32*s = 33*s - k - 7. Let w(c) = -7*c + 13. Calculate w(s).
-1
Let w(h) be the first derivative of h**4/4 + h**3/3 + h**2 - h - 14. Let u(s) = -2*s**3 - 9*s**2 - s + 2. Let m(f) = -u(f) - 3*w(f). Calculate m(4).
13
Let q be 40/22 - (5 + (-171)/33). Let r(x) = -2*x + 4. Determine r(q).
0
Let g(m) = -4*m + 1. Let h(x) = 39*x + 41*x - 4 + 3 - 77*x. Let k(a) = 4*g(a) + 3*h(a). Determine k(2).
-13
Suppose 4*z - 19 - 8 = 5*f, -5*f - 5*z - 45 = 0. Let w(s) = s**3 + 6*s**2 - 6*s - 5. What is w(f)?
-12
Let p(m) = 4*m**2 + 2*m + 1. Let n(s) = -s**2 + 3*s. Let d be n(1). Let q be d*((-7)/2)/7. Calculate p(q).
3
Suppose -d = -4*b - 5, 2*b + 21 = d + 14. Let l(s) = s + 8. Calculate l(d).
17
Let o(l) = -1 - l**2 + 0*l**3 + 2*l**2 + 22*l**3 - l + 1. Determine o(1).
22
Let g(l) be the second derivative of l**4/12 - 5*l**3/6 + 9*l**2/2 - 13*l + 2. What is g(4)?
5
Let m = -24 + 49. Suppose 5*x = -5*i + m, -3*i = i + x - 23. Let h(b) = b**2 - 5*b - 1. Give h(i).
5
Let t(b) = b**2 + b - 7. Let x be t(3). Let z(v) = v + v + 3 - 1. What is z(x)?
12
Let n = 30 - 29. Suppose 3*q = -2*h + 4*h - n, 2*h = q + 7. Let u(z) be the first derivative of z**4/4 - 2*z**3 + 5*z**2/2 - 4*z - 1. Determine u(h).
-4
Let b = 0 + -5. Let m(d) = -5*d**2 - d + 6. Let r(w) = 17*w**2 + w - 23. Let u(p) = -7*m(p) - 2*r(p). What is u(b)?
4
Let h(i) = -1 + 2 - i + 1. Let o(t) = 4*t**2 + 4*t - 4. Let m be o(-3). Suppose -8*r + 4*r = -m. Calculate h(r).
-3
Suppose j + 8 = 3*j, 0 = -n + 4*j - 12. Suppose -5*k - 4*u + 6 = 0, -4*u - 19 = -4*k - 7. Suppose -k*p = -n*p. Let l(o) = o. Give l(p).
0
Let l(p) = -p**3 - 2*p + 1. Let f = 98 - 81. Suppose h = -5*y + 17, -4*h = -y + 4*y - f. Determine l(h).
-11
Let z(j) = -14*j**2 - 3*j + 3. Let d(k) = 17*k**2 + 3*k - 3. Let c(b) = -5*d(b) - 6*z(b). What is c(4)?
-7
Suppose 3*g - 11 = -4*i, 3*g - i = 4*g - 3. Let a(q) = q**3 - 5*q + 9*q**2 + g - 3*q**2 + 3 - 8*q**2. What is a(4)?
16
Let r(w) = 4*w + 1. Let d(n) = 9*n + 2. Let b(p) = -2*d(p) + 5*r(p). Suppose 0 = -3*g + g - 2. Determine b(g).
-1
Let y(x) = -38*x - 11. Let n(d) = -12*d + 1. Let s(k) = 3*n(k) - y(k). What is s(6)?
26
Let k be -1 - (-46)/(-7) - 4/(-7). Let m(a) = 4*a**2 - 4*a - 2. Let f(b) = -9*b**2 + 7*b + 4. Let z(l) = k*m(l) - 3*f(l). Give z(5).
12
Suppose 18*p - 17*p = 8. Suppose -36 = 4*m - p. Let y(v) = -9*v + 20. Let i(h) = -4*h + 10. Let q(w) = -13*i(w) + 6*y(w). Determine q(m).
4
Let h(t) be the third derivative of t**5/60 - 3*t**4/8 - t**3 + t**2 + 143. Give h(8).
-14
Let t(p) = -7 + 4*p**3 - 2*p**3 + 10*p - 2*p**3 - 9*p**2 + 3 + p**3. Determine t(7).
-32
Let d(y) = -19*y + 2. Let l(s) = 10*s - 1. Let w(k) = -6*d(k) - 11*l(k). Let v(n) = -n**3 - 12*n**2 + 2*n + 29. Let r be v(-12). Determine w(r).
19
Let x(v) = 4*v + 4. Let q(w) be the first derivative of -w**2/2 - w + 13. Let l(k) = -7*q(k) - 2*x(k). What is l(7)?
-8
Let r(s) = 6*s**2 + 30*s + 31*s + 3 + 23*s - 81*s. What is r(-2)?
21
Let h be 0/2*2/2. Let x(s) = s**2 + 17*s + 46. Let k be x(-15). Suppose h*t = 3*n - 4*t + k, -15 = 4*n + t. Let p(i) = i - 4. Give p(n).
-8
Suppose b - 3*b = 3*q + 11, 2*q + 2 = -4*b. Let m(u) = -9 + 3*u - 3*u - b*u + u. What is m(-8)?
-1
Let o(d) = -d**2 - 9*d + 12. Let y be o(-10). Let g(h) = -4*h + 7 - 3*h**3 + 2*h**3 + 3*h + 8*h**2 - 7*h**y. What is g(0)?
7
Let x(o) be the third derivative of -o**6/120 - 3*o**5/20 - 3*o**4/8 - o**3/6 + o**2 - 2*o. What is x(-8)?
7
Let r(g) = -g**2 + 7*g + 5. Let c(v) = 